{"id":12,"date":"2016-08-31T18:47:27","date_gmt":"2016-08-31T16:47:27","guid":{"rendered":"http:\/\/masolutionpret.fr\/?page_id=12"},"modified":"2019-10-30T17:31:46","modified_gmt":"2019-10-30T16:31:46","slug":"qui-sommes-nous","status":"publish","type":"page","link":"http:\/\/masolutionpret.fr\/index.php\/qui-sommes-nous\/","title":{"rendered":"Votre courtier"},"content":{"rendered":"<div id=\"pl-12\"  class=\"panel-layout\" ><div id=\"pg-12-0\"  class=\"panel-grid panel-no-style\" ><div id=\"pgc-12-0-0\"  class=\"panel-grid-cell\" ><div id=\"panel-12-0-0-0\" class=\"so-panel widget widget_sow-editor panel-first-child panel-last-child\" data-index=\"0\" ><div class=\"panel-widget-style panel-widget-style-for-12-0-0-0\" ><div\n\t\t\t\n\t\t\tclass=\"so-widget-sow-editor so-widget-sow-editor-base\"\n\t\t\t\n\t\t>\n<div class=\"siteorigin-widget-tinymce textwidget\">\n\t<p style=\"text-align: center;\"><strong><big>Ma Solution Pr\u00eat<\/big><\/strong> est interm\u00e9diaire en op\u00e9rations de banque et services de paiement<\/p>\n<p style=\"text-align: center;\">inscrit \u00e0 l\u2019ORIAS sous le num\u00e9ro 16005451 dans la cat\u00e9gorie courtier en cr\u00e9dits.<\/p>\n<\/div>\n<\/div><\/div><\/div><\/div><\/div><div id=\"pg-12-1\"  class=\"panel-grid panel-has-style\" ><div class=\"panel-row-style panel-row-style-for-12-1\" ><div id=\"pgc-12-1-0\"  class=\"panel-grid-cell panel-grid-cell-empty\" ><\/div><div id=\"pgc-12-1-1\"  class=\"panel-grid-cell panel-grid-cell-mobile-last\" ><div id=\"panel-12-1-1-0\" class=\"so-panel widget widget_sow-editor panel-first-child panel-last-child\" data-index=\"1\" ><div class=\"panel-widget-style panel-widget-style-for-12-1-1-0\" ><div\n\t\t\t\n\t\t\tclass=\"so-widget-sow-editor so-widget-sow-editor-base\"\n\t\t\t\n\t\t>\n<div class=\"siteorigin-widget-tinymce textwidget\">\n\t<p><img decoding=\"async\" loading=\"lazy\" class=\"size-medium wp-image-325 alignleft\" src=\"http:\/\/masolutionpret.fr\/wp-content\/uploads\/2016\/08\/site-internet-300x262.jpg\" alt=\"site-internet\" width=\"300\" height=\"262\" srcset=\"http:\/\/masolutionpret.fr\/wp-content\/uploads\/2016\/08\/site-internet-300x262.jpg 300w, http:\/\/masolutionpret.fr\/wp-content\/uploads\/2016\/08\/site-internet-768x671.jpg 768w, http:\/\/masolutionpret.fr\/wp-content\/uploads\/2016\/08\/site-internet-1024x894.jpg 1024w, http:\/\/masolutionpret.fr\/wp-content\/uploads\/2016\/08\/site-internet.jpg 1280w\" sizes=\"(max-width: 300px) 100vw, 300px\" \/><\/p>\n<p>\u00a0<\/p>\n<p>\u00a0<\/p>\n<p>\u00a0<\/p>\n<p>Le\u00a0fondateur et g\u00e9rant de l\u2019entreprise, Nicolas Vannier, dispose <strong>d\u2019une exp\u00e9rience de 10 ann\u00e9es <\/strong>en tant que conseiller sp\u00e9cialis\u00e9 en financements immobiliers aupr\u00e8s des particuliers.<\/p>\n<p>\u00a0<\/p>\n<p>\u00a0<\/p>\n<p>\u00a0<\/p>\n<p>\u00a0<\/p>\n<\/div>\n<\/div><\/div><\/div><\/div><div id=\"pgc-12-1-2\"  class=\"panel-grid-cell panel-grid-cell-empty\" ><\/div><\/div><\/div><div id=\"pg-12-2\"  class=\"panel-grid panel-no-style\" ><div id=\"pgc-12-2-0\"  class=\"panel-grid-cell\" ><div id=\"panel-12-2-0-0\" class=\"so-panel widget widget_sow-editor panel-first-child panel-last-child\" data-index=\"2\" ><div class=\"panel-widget-style panel-widget-style-for-12-2-0-0\" ><div\n\t\t\t\n\t\t\tclass=\"so-widget-sow-editor so-widget-sow-editor-base\"\n\t\t\t\n\t\t>\n<div class=\"siteorigin-widget-tinymce textwidget\">\n\t<p style=\"text-align: center;\"><strong>Totalement ind\u00e9pendant, <\/strong><\/p>\n<p style=\"text-align: center;\"><strong>nous n\u00e9gocions et <\/strong><strong>d\u00e9fendons vos int\u00e9r\u00eats <\/strong><\/p>\n<p style=\"text-align: center;\"><strong>aupr\u00e8s de nos<\/strong><strong>\u00a0partenaires bancaires <\/strong><\/p>\n<p style=\"text-align: center;\"><strong>pour <\/strong><strong>obtenir les meilleures conditions <\/strong><\/p>\n<p style=\"text-align: center;\"><strong>de <\/strong><strong>financement.<\/strong><\/p>\n<\/div>\n<\/div><\/div><\/div><\/div><div id=\"pgc-12-2-1\"  class=\"panel-grid-cell\" ><div id=\"panel-12-2-1-0\" class=\"so-panel widget widget_sow-editor panel-first-child panel-last-child\" data-index=\"3\" ><div class=\"panel-widget-style panel-widget-style-for-12-2-1-0\" ><div\n\t\t\t\n\t\t\tclass=\"so-widget-sow-editor so-widget-sow-editor-base\"\n\t\t\t\n\t\t>\n<div class=\"siteorigin-widget-tinymce textwidget\">\n\t<p style=\"text-align: center;\"><strong>Notre savoir-faire<\/strong><\/p>\n<p style=\"text-align: center;\"><strong>et notre professionnalisme<\/strong><\/p>\n<p style=\"text-align: center;\"><strong> ont permis la r\u00e9alisation<\/strong><\/p>\n<p style=\"text-align: center;\"><strong>de plusieurs centaines de projets<\/strong><\/p>\n<p style=\"text-align: center;\"><strong> dans le Sud Vend\u00e9e.<\/strong><\/p>\n<\/div>\n<\/div><\/div><\/div><\/div><div id=\"pgc-12-2-2\"  class=\"panel-grid-cell\" ><div id=\"panel-12-2-2-0\" class=\"so-panel widget widget_sow-editor panel-first-child panel-last-child\" data-index=\"4\" ><div class=\"panel-widget-style panel-widget-style-for-12-2-2-0\" ><div\n\t\t\t\n\t\t\tclass=\"so-widget-sow-editor so-widget-sow-editor-base\"\n\t\t\t\n\t\t>\n<div class=\"siteorigin-widget-tinymce textwidget\">\n\t<p style=\"text-align: center;\"><strong>Nous vous garantissons un service <\/strong><\/p>\n<p style=\"text-align: center;\"><strong>sur-mesure, de qualit\u00e9, <\/strong><strong>confidentiel, rapide <\/strong><\/p>\n<p style=\"text-align: center;\"><strong>nous vous accompagnons<\/strong><\/p>\n<p style=\"text-align: center;\"><strong>dans vos d\u00e9marches<\/strong><\/p>\n<p style=\"text-align: center;\"><strong>jusqu\u2019\u00e0 la signature bancaire.<\/strong><\/p>\n<\/div>\n<\/div><\/div><\/div><\/div><\/div><div id=\"pg-12-3\"  class=\"panel-grid panel-no-style\" ><div id=\"pgc-12-3-0\"  class=\"panel-grid-cell panel-grid-cell-empty\" ><\/div><div id=\"pgc-12-3-1\"  class=\"panel-grid-cell panel-grid-cell-mobile-last\" ><div id=\"panel-12-3-1-0\" class=\"so-panel widget widget_sow-slider panel-first-child panel-last-child\" data-index=\"5\" ><div\n\t\t\t\n\t\t\tclass=\"so-widget-sow-slider so-widget-sow-slider-default-1197662edb6c-12\"\n\t\t\t\n\t\t><div class=\"sow-slider-base\" style=\"display: none\"><ul\n\t\t\t\t\tclass=\"sow-slider-images\"\n\t\t\t\t\tdata-settings=\"{&quot;pagination&quot;:true,&quot;speed&quot;:800,&quot;timeout&quot;:2000,&quot;paused&quot;:false,&quot;pause_on_hover&quot;:false,&quot;swipe&quot;:true,&quot;nav_always_show_desktop&quot;:&quot;&quot;,&quot;nav_always_show_mobile&quot;:&quot;&quot;,&quot;breakpoint&quot;:&quot;780px&quot;,&quot;unmute&quot;:false,&quot;anchor&quot;:null}\"\n\t\t\t\t\t\t\t\t\t\tdata-anchor-id=\"\"\n\t\t\t\t>\t\t<li class=\"sow-slider-image  sow-slider-image-cover\" style=\"background-image: url(http:\/\/masolutionpret.fr\/wp-content\/uploads\/2016\/08\/IMG_5153.jpg)\" >\n\t\t\t\t\t\t\t\t\t<img width=\"640\" height=\"631\" src=\"http:\/\/masolutionpret.fr\/wp-content\/uploads\/2016\/08\/IMG_5153.jpg\" class=\"sow-slider-background-image skip-lazy\" alt=\"\" decoding=\"async\" loading=\"eager\" srcset=\"http:\/\/masolutionpret.fr\/wp-content\/uploads\/2016\/08\/IMG_5153.jpg 640w, http:\/\/masolutionpret.fr\/wp-content\/uploads\/2016\/08\/IMG_5153-300x296.jpg 300w\" sizes=\"(max-width: 640px) 100vw, 640px\" \/>\t\t\t\t\t\t\t\t<\/li>\n\t\t\t\t<li class=\"sow-slider-image  sow-slider-image-cover\" style=\"background-image: url(http:\/\/masolutionpret.fr\/wp-content\/uploads\/2016\/08\/IMG_5275.jpg)\" >\n\t\t\t\t\t\t\t\t\t<img width=\"640\" height=\"480\" src=\"http:\/\/masolutionpret.fr\/wp-content\/uploads\/2016\/08\/IMG_5275.jpg\" class=\"sow-slider-background-image skip-lazy\" alt=\"\" decoding=\"async\" loading=\"eager\" srcset=\"http:\/\/masolutionpret.fr\/wp-content\/uploads\/2016\/08\/IMG_5275.jpg 640w, http:\/\/masolutionpret.fr\/wp-content\/uploads\/2016\/08\/IMG_5275-300x225.jpg 300w\" sizes=\"(max-width: 640px) 100vw, 640px\" \/>\t\t\t\t\t\t\t\t<\/li>\n\t\t\t\t<li class=\"sow-slider-image  sow-slider-image-cover\" style=\"background-image: url(http:\/\/masolutionpret.fr\/wp-content\/uploads\/2016\/08\/IMG_5145.jpg)\" >\n\t\t\t\t\t\t\t\t\t<img width=\"2016\" height=\"1512\" src=\"http:\/\/masolutionpret.fr\/wp-content\/uploads\/2016\/08\/IMG_5145.jpg\" class=\"sow-slider-background-image skip-lazy\" alt=\"\" decoding=\"async\" loading=\"eager\" srcset=\"http:\/\/masolutionpret.fr\/wp-content\/uploads\/2016\/08\/IMG_5145.jpg 2016w, http:\/\/masolutionpret.fr\/wp-content\/uploads\/2016\/08\/IMG_5145-300x225.jpg 300w, http:\/\/masolutionpret.fr\/wp-content\/uploads\/2016\/08\/IMG_5145-768x576.jpg 768w, http:\/\/masolutionpret.fr\/wp-content\/uploads\/2016\/08\/IMG_5145-1024x768.jpg 1024w\" sizes=\"(max-width: 2016px) 100vw, 2016px\" \/>\t\t\t\t\t\t\t\t<\/li>\n\t\t<\/ul>\t\t\t\t<ol class=\"sow-slider-pagination\">\n\t\t\t\t\t\t\t\t\t\t\t<li><a href=\"#\" data-goto=\"0\" aria-label=\"afficher la diapositive 1\"><\/a><\/li>\n\t\t\t\t\t\t\t\t\t\t\t<li><a href=\"#\" data-goto=\"1\" aria-label=\"afficher la diapositive 2\"><\/a><\/li>\n\t\t\t\t\t\t\t\t\t\t\t<li><a href=\"#\" data-goto=\"2\" aria-label=\"afficher la diapositive 3\"><\/a><\/li>\n\t\t\t\t\t\t\t\t\t<\/ol>\n\n\t\t\t\t<div class=\"sow-slide-nav sow-slide-nav-next\">\n\t\t\t\t\t<a href=\"#\" data-goto=\"next\" aria-label=\"diapositive suivante\" data-action=\"next\">\n\t\t\t\t\t\t<em class=\"sow-sld-icon-thin-right\"><\/em>\n\t\t\t\t\t<\/a>\n\t\t\t\t<\/div>\n\n\t\t\t\t<div class=\"sow-slide-nav sow-slide-nav-prev\">\n\t\t\t\t\t<a href=\"#\" data-goto=\"previous\" aria-label=\"diapositive pr\u00e9c\u00e9dente\" data-action=\"prev\">\n\t\t\t\t\t\t<em class=\"sow-sld-icon-thin-left\"><\/em>\n\t\t\t\t\t<\/a>\n\t\t\t\t<\/div>\n\t\t\t\t<\/div><\/div><\/div><\/div><div id=\"pgc-12-3-2\"  class=\"panel-grid-cell panel-grid-cell-empty\" ><\/div><\/div><div id=\"pg-12-4\"  class=\"panel-grid panel-no-style\" ><div id=\"pgc-12-4-0\"  class=\"panel-grid-cell panel-grid-cell-empty\" ><\/div><div id=\"pgc-12-4-1\"  class=\"panel-grid-cell panel-grid-cell-mobile-last\" ><div id=\"panel-12-4-1-0\" class=\"so-panel widget widget_sow-editor panel-first-child panel-last-child\" data-index=\"6\" ><div class=\"panel-widget-style panel-widget-style-for-12-4-1-0\" ><div\n\t\t\t\n\t\t\tclass=\"so-widget-sow-editor so-widget-sow-editor-base\"\n\t\t\t\n\t\t>\n<div class=\"siteorigin-widget-tinymce textwidget\">\n\t<p style=\"text-align: center;\">Parce que <strong>chaque projet est unique<\/strong> (construction, achat d\u2019ancien, rachat de cr\u00e9dits\u2026)<\/p><p style=\"text-align: center;\">Parce que <strong>chaque situation est diff\u00e9rente<\/strong> (premier achat, avec ou sans apport\u2026)<\/p><p style=\"text-align: center;\">Nous r\u00e9alisons une <strong>\u00e9tude compl\u00e8te et personnalis\u00e9e<\/strong> de mani\u00e8re \u00e0 ma\u00eetriser tous les param\u00e8tres \u00e0 prendre en consid\u00e9ration pour l\u2019obtention de votre pr\u00eat immobilier.<\/p><\/div>\n<\/div><\/div><\/div><\/div><div id=\"pgc-12-4-2\"  class=\"panel-grid-cell panel-grid-cell-empty\" ><\/div><\/div><div id=\"pg-12-5\"  class=\"panel-grid panel-no-style\" ><div id=\"pgc-12-5-0\"  class=\"panel-grid-cell\" ><div id=\"panel-12-5-0-0\" class=\"so-panel widget widget_sow-editor panel-first-child\" data-index=\"7\" ><div class=\"panel-widget-style panel-widget-style-for-12-5-0-0\" ><div\n\t\t\t\n\t\t\tclass=\"so-widget-sow-editor so-widget-sow-editor-base\"\n\t\t\t\n\t\t>\n<div class=\"siteorigin-widget-tinymce textwidget\">\n\t<p style=\"text-align: center;\"><strong>L\u2019\u00e9tude de votre dossier est gratuite et sans engagement.<\/strong><\/p>\n<p style=\"text-align: center;\"><strong>Vous avez un projet dans le Sud Vend\u00e9e\u00a0? <\/strong><\/p>\n<p style=\"text-align: center;\">Contactez-nous pour un rendez-vous en agence ou \u00e0 <strong>votre domicile en 72 heures maximum<\/strong>.<\/p>\n<\/div>\n<\/div><\/div><\/div><div id=\"panel-12-5-0-1\" class=\"so-panel widget widget_origin_button panel-last-child\" data-index=\"8\" ><div class=\"origin-widget origin-widget-button origin-widget-button-simple-white align-center\"><a href=\"http:\/\/masolutionpret.fr\/index.php\/etude-personalisee\/\" >\n\tContact<\/a><\/div><\/div><\/div><\/div><\/div>","protected":false},"excerpt":{"rendered":"<p>Ma Solution Pr\u00eat est interm\u00e9diaire en op\u00e9rations de banque et services de paiement inscrit \u00e0 l\u2019ORIAS sous le num\u00e9ro 16005451 dans la cat\u00e9gorie courtier en cr\u00e9dits. \u00a0\u00a0\u00a0Le\u00a0fondateur et g\u00e9rant de l\u2019entreprise, Nicolas Vannier, dispose d\u2019une exp\u00e9rience de 10 ann\u00e9es en &hellip; <a href=\"http:\/\/masolutionpret.fr\/index.php\/qui-sommes-nous\/\">Lire la suite\u00ad\u00ad<\/a><\/p>\n","protected":false},"author":1,"featured_media":0,"parent":0,"menu_order":0,"comment_status":"closed","ping_status":"closed","template":"page-fullwidth.php","meta":[],"yoast_head":"<!-- This site is optimized with the Yoast SEO plugin v19.13 - https:\/\/yoast.com\/wordpress\/plugins\/seo\/ -->\n<title>Votre courtier - Ma solution pr\u00eat<\/title>\n<meta name=\"robots\" content=\"index, follow, max-snippet:-1, max-image-preview:large, max-video-preview:-1\" \/>\n<link rel=\"canonical\" href=\"http:\/\/masolutionpret.fr\/index.php\/qui-sommes-nous\/\" \/>\n<meta property=\"og:locale\" content=\"fr_FR\" \/>\n<meta property=\"og:type\" content=\"article\" \/>\n<meta property=\"og:title\" content=\"Votre courtier - Ma solution pr\u00eat\" \/>\n<meta property=\"og:description\" content=\"Ma Solution Pr\u00eat est interm\u00e9diaire en op\u00e9rations de banque et services de paiement inscrit \u00e0 l\u2019ORIAS sous le num\u00e9ro 16005451 dans la cat\u00e9gorie courtier en cr\u00e9dits. \u00a0\u00a0\u00a0Le\u00a0fondateur et g\u00e9rant de l\u2019entreprise, Nicolas Vannier, dispose d\u2019une exp\u00e9rience de 10 ann\u00e9es en &hellip; Lire la suite\u00ad\u00ad\" \/>\n<meta property=\"og:url\" content=\"http:\/\/masolutionpret.fr\/index.php\/qui-sommes-nous\/\" \/>\n<meta property=\"og:site_name\" content=\"Ma solution pr\u00eat\" \/>\n<meta property=\"article:modified_time\" content=\"2019-10-30T16:31:46+00:00\" \/>\n<meta property=\"og:image\" content=\"http:\/\/masolutionpret.fr\/wp-content\/uploads\/2016\/08\/site-internet-300x262.jpg\" \/>\n<meta name=\"twitter:card\" content=\"summary_large_image\" \/>\n<meta name=\"twitter:label1\" content=\"Dur\u00e9e de lecture estim\u00e9e\" \/>\n\t<meta name=\"twitter:data1\" content=\"1 minute\" \/>\n<script type=\"application\/ld+json\" class=\"yoast-schema-graph\">{\"@context\":\"https:\/\/schema.org\",\"@graph\":[{\"@type\":\"WebPage\",\"@id\":\"http:\/\/masolutionpret.fr\/index.php\/qui-sommes-nous\/\",\"url\":\"http:\/\/masolutionpret.fr\/index.php\/qui-sommes-nous\/\",\"name\":\"Votre courtier - Ma solution pr\u00eat\",\"isPartOf\":{\"@id\":\"http:\/\/masolutionpret.fr\/#website\"},\"datePublished\":\"2016-08-31T16:47:27+00:00\",\"dateModified\":\"2019-10-30T16:31:46+00:00\",\"breadcrumb\":{\"@id\":\"http:\/\/masolutionpret.fr\/index.php\/qui-sommes-nous\/#breadcrumb\"},\"inLanguage\":\"fr-FR\",\"potentialAction\":[{\"@type\":\"ReadAction\",\"target\":[\"http:\/\/masolutionpret.fr\/index.php\/qui-sommes-nous\/\"]}]},{\"@type\":\"BreadcrumbList\",\"@id\":\"http:\/\/masolutionpret.fr\/index.php\/qui-sommes-nous\/#breadcrumb\",\"itemListElement\":[{\"@type\":\"ListItem\",\"position\":1,\"name\":\"Accueil\",\"item\":\"http:\/\/masolutionpret.fr\/\"},{\"@type\":\"ListItem\",\"position\":2,\"name\":\"Votre courtier\"}]},{\"@type\":\"WebSite\",\"@id\":\"http:\/\/masolutionpret.fr\/#website\",\"url\":\"http:\/\/masolutionpret.fr\/\",\"name\":\"Ma solution pr\u00eat\",\"description\":\"Le sur-mesure au meilleur prix\",\"potentialAction\":[{\"@type\":\"SearchAction\",\"target\":{\"@type\":\"EntryPoint\",\"urlTemplate\":\"http:\/\/masolutionpret.fr\/?s={search_term_string}\"},\"query-input\":\"required name=search_term_string\"}],\"inLanguage\":\"fr-FR\"}]}<\/script>\n<!-- \/ Yoast SEO plugin. -->","yoast_head_json":{"title":"Votre courtier - Ma solution pr\u00eat","robots":{"index":"index","follow":"follow","max-snippet":"max-snippet:-1","max-image-preview":"max-image-preview:large","max-video-preview":"max-video-preview:-1"},"canonical":"http:\/\/masolutionpret.fr\/index.php\/qui-sommes-nous\/","og_locale":"fr_FR","og_type":"article","og_title":"Votre courtier - Ma solution pr\u00eat","og_description":"Ma Solution Pr\u00eat est interm\u00e9diaire en op\u00e9rations de banque et services de paiement inscrit \u00e0 l\u2019ORIAS sous le num\u00e9ro 16005451 dans la cat\u00e9gorie courtier en cr\u00e9dits. \u00a0\u00a0\u00a0Le\u00a0fondateur et g\u00e9rant de l\u2019entreprise, Nicolas Vannier, dispose d\u2019une exp\u00e9rience de 10 ann\u00e9es en &hellip; Lire la suite\u00ad\u00ad","og_url":"http:\/\/masolutionpret.fr\/index.php\/qui-sommes-nous\/","og_site_name":"Ma solution pr\u00eat","article_modified_time":"2019-10-30T16:31:46+00:00","og_image":[{"url":"http:\/\/masolutionpret.fr\/wp-content\/uploads\/2016\/08\/site-internet-300x262.jpg"}],"twitter_card":"summary_large_image","twitter_misc":{"Dur\u00e9e de lecture estim\u00e9e":"1 minute"},"schema":{"@context":"https:\/\/schema.org","@graph":[{"@type":"WebPage","@id":"http:\/\/masolutionpret.fr\/index.php\/qui-sommes-nous\/","url":"http:\/\/masolutionpret.fr\/index.php\/qui-sommes-nous\/","name":"Votre courtier - Ma solution pr\u00eat","isPartOf":{"@id":"http:\/\/masolutionpret.fr\/#website"},"datePublished":"2016-08-31T16:47:27+00:00","dateModified":"2019-10-30T16:31:46+00:00","breadcrumb":{"@id":"http:\/\/masolutionpret.fr\/index.php\/qui-sommes-nous\/#breadcrumb"},"inLanguage":"fr-FR","potentialAction":[{"@type":"ReadAction","target":["http:\/\/masolutionpret.fr\/index.php\/qui-sommes-nous\/"]}]},{"@type":"BreadcrumbList","@id":"http:\/\/masolutionpret.fr\/index.php\/qui-sommes-nous\/#breadcrumb","itemListElement":[{"@type":"ListItem","position":1,"name":"Accueil","item":"http:\/\/masolutionpret.fr\/"},{"@type":"ListItem","position":2,"name":"Votre courtier"}]},{"@type":"WebSite","@id":"http:\/\/masolutionpret.fr\/#website","url":"http:\/\/masolutionpret.fr\/","name":"Ma solution pr\u00eat","description":"Le sur-mesure au meilleur prix","potentialAction":[{"@type":"SearchAction","target":{"@type":"EntryPoint","urlTemplate":"http:\/\/masolutionpret.fr\/?s={search_term_string}"},"query-input":"required name=search_term_string"}],"inLanguage":"fr-FR"}]}},"_links":{"self":[{"href":"http:\/\/masolutionpret.fr\/index.php\/wp-json\/wp\/v2\/pages\/12"}],"collection":[{"href":"http:\/\/masolutionpret.fr\/index.php\/wp-json\/wp\/v2\/pages"}],"about":[{"href":"http:\/\/masolutionpret.fr\/index.php\/wp-json\/wp\/v2\/types\/page"}],"author":[{"embeddable":true,"href":"http:\/\/masolutionpret.fr\/index.php\/wp-json\/wp\/v2\/users\/1"}],"replies":[{"embeddable":true,"href":"http:\/\/masolutionpret.fr\/index.php\/wp-json\/wp\/v2\/comments?post=12"}],"version-history":[{"count":88,"href":"http:\/\/masolutionpret.fr\/index.php\/wp-json\/wp\/v2\/pages\/12\/revisions"}],"predecessor-version":[{"id":639,"href":"http:\/\/masolutionpret.fr\/index.php\/wp-json\/wp\/v2\/pages\/12\/revisions\/639"}],"wp:attachment":[{"href":"http:\/\/masolutionpret.fr\/index.php\/wp-json\/wp\/v2\/media?parent=12"}],"curies":[{"name":"wp","href":"https:\/\/api.w.org\/{rel}","templated":true}]}}